 68.
17
Suppose -15*s = 18*s + 3*s - 24192. What is the highest common divisor of s and 912?
48
Let r(b) = -549*b + 2438. Let w be r(4). Calculate the greatest common divisor of w and 154.
22
Let b be (-2)/8 - (-183)/12. Suppose 24 - 23 = u, 0 = 5*j + 5*u - 15. Suppose j*d = -b + 57. Calculate the highest common factor of 7 and d.
7
Suppose 78*h - 615 = -6*h + 2241. Let k(s) = 42*s + 1. Let c be k(2). What is the highest common divisor of c and h?
17
Let h be 800/96 + 4/6. Let g(o) = 3*o**2 + 14*o - 151. Let y be g(8). Calculate the greatest common divisor of y and h.
9
Suppose -41*o - 1514 + 7746 = 0. What is the highest common divisor of o and 361?
19
Suppose 5*i - 42*w - 4458 = -45*w, -3*w = -5*i + 4482. What is the highest common factor of 12 and i?
6
Let o(p) = 7*p - 12. Let c be o(2). Let h be c/8 - 5083/(-68). What is the highest common factor of 15 and h?
15
Let l be 14248/48 + (-4)/(-24). Suppose -152 = -4*n + 172. Calculate the greatest common factor of l and n.
27
Let x(m) = 29*m**2 - 81*m - 531. Let g be x(-7). Calculate the greatest common factor of g and 124.
31
Let f = -11951 - -13246. What is the highest common divisor of 175 and f?
35
Let f(k) = k**2 - 4*k + 3. Let j be (-1)/(-1 - 20/(-25)). Let d be f(j). Suppose 27 = -7*q + d*q. What is the highest common factor of 3 and q?
3
Suppose 2*l = -2*l + 80. Suppose 3*i = 3*j - 36, j + 3 = -17*i + 13*i. Suppose 540 = 18*w - j*w. Calculate the greatest common factor of l and w.
20
Let t(p) = 116*p**2 + 7*p + 10. Suppose 2*n + 43 = 39. Let x be t(n). Calculate the greatest common divisor of 20 and x.
20
Suppose b - 17*j = -14*j + 133, j + 391 = 3*b. Calculate the highest common factor of 598 and b.
26
Let z(l) = 8*l - 6*l - 9 + 2*l**2 - 8*l - 6*l. Let t be z(7). Suppose o - 28 = x - t*x, -2 = x - 2*o. What is the highest common divisor of x and 3?
3
Suppose 15*z - 5*z - 40 = 0. Suppose 0 = 5*r - 20, -z*r + 126 = 4*v - 98. What is the highest common factor of v and 39?
13
Let i be ((-50)/(-15) + 7)*3. Let g = 241 - 55. Suppose g = q + q. Calculate the greatest common divisor of i and q.
31
Suppose 0 = -2*t + 47*w - 44*w - 5, -4 = t - 2*w. What is the greatest common factor of t and 44?
2
Suppose -649 = -5*f - 4*t, -3*f + 305 + 81 = -t. Suppose 11*p - 168 = f. Suppose 5*b - 884 = 196. Calculate the highest common divisor of b and p.
27
Suppose 97*z - 179*z = -410. Calculate the highest common factor of 625 and z.
5
Let k be 64/24*((-3793075)/(-484) + 8/(-44)). What is the highest common factor of 172 and k?
86
Suppose 212 - 806 = -6*s. Suppose 92*g = s*g - 490. Suppose 4*z + 5*t - 595 - 100 = 0, -5*t = 2*z - 345. What is the greatest common factor of g and z?
35
Let g = -39 + 55. Let j be 408/g + 6/(-4)*-1. Calculate the greatest common factor of j and 45.
9
Let c(s) = -s**3 + 11*s**2 + 17*s - 6. Let k be c(12). Let r = -74 - -101. Calculate the greatest common divisor of k and r.
27
Let p = 4624 - 4574. Calculate the greatest common factor of 490 and p.
10
Let z(k) = 136*k**3 - 15*k**2 + 21*k - 2. Let l be z(2). Calculate the greatest common divisor of 48 and l.
12
Let p be (15 + -6)/(((-9)/8)/((-33)/44)). Calculate the highest common divisor of 7206 and p.
6
Let r be (108/(-45) + 2)/(8/(-3280)). Suppose -31 = -0*m - 4*m - 3*o, o - 1 = m. What is the greatest common factor of r and m?
4
Let b be (1 - -7)/(299/(-65) + 5). Let s be -2 - -33*6/9. Calculate the highest common factor of b and s.
20
Let i(s) = s**3 - 4*s + 3. Let o be i(2). Let v = -232 - -248. Suppose v*u - 29*u = -26. What is the highest common factor of o and u?
1
Let b = 5658 + -5639. What is the highest common factor of 2926 and b?
19
Let q = 35023 - 25208. What is the greatest common divisor of 453 and q?
151
Let r = 5210 - 4859. Calculate the greatest common divisor of 624 and r.
39
Let t(s) = -s**3 + 42*s**2 + 87*s + 47. Let j be t(44). What is the greatest common factor of j and 2733?
3
Let t = 316 - -1679. What is the highest common divisor of t and 105?
105
Let g be 2 + -3 + -5 - 2. Let f = g + 18. Let d(h) = h**2 - 39*h + 290. Let c be d(9). What is the highest common divisor of c and f?
10
Suppose -8*v + 5*u = -4*v + 20, -4*v - 12 = -3*u. Suppose v = 8*l + l - 1404. What is the greatest common factor of l and 117?
39
Suppose 0 = 33*l - 65964 - 64492 + 22876. What is the highest common factor of l and 20?
20
Let o be -2 + (-228)/(-120) + (-2851)/(-10). What is the highest common factor of 817 and o?
19
Let v = -89 - -8. Let g = -77 - v. Suppose 2*r - 3*r = -2, -c + 168 = -g*r. What is the greatest common factor of 44 and c?
44
Let l be 4/((-2)/((-40)/5)). Suppose -l*b + 40 = -11*b. Suppose 0 = -j + 2*j - 8. Calculate the greatest common factor of j and b.
8
Let a = -322 - -381. Suppose 2*v - a + 21 = 0. Calculate the greatest common divisor of v and 304.
19
Suppose -3*s + 169 = -i, -4*i + 108 = 68*s - 66*s. What is the greatest common factor of 14840 and s?
56
Let h(r) = -r**2 + 3*r + 4. Let s be h(4). Suppose s = o + 4*o - 5. Let u be 4*(2/(-4) + o). What is the highest common divisor of 2 and u?
2
Suppose -4595 = -4*m - 5*i, 3*m + 0*i = -2*i + 3448. Let t = -7786 - -7836. Calculate the greatest common divisor of m and t.
50
Suppose -4*x = -4*y - 8 - 8, -3*y - 5*x = 12. Let s(r) = -4*r - 1. Let h be s(y). Calculate the greatest common factor of 165 and h.
15
Suppose 1994 = -13*q + 4802. Suppose -7*t = -q - 162. Calculate the greatest common divisor of t and 864.
54
Let r(a) = -4*a**3 - 2*a**2 - a. Let h be r(-1). Suppose -58 = -2*j - 2*d, 2*j + 4*d + 44 = 3*j. Let u = j + h. Calculate the highest common divisor of u and 5.
5
Let s(o) = o**2 - 12*o - 10. Let p be s(15). Let x = 37 - p. Suppose 6*n = x*n + 4. Calculate the highest common factor of 1 and n.
1
Let j(g) = -g**3 + g**2 + g - 24. Let v be j(0). Let t = -4 - v. Suppose 186 = 4*b - 13*n, -79 = -2*b + 4*n + 9. What is the highest common factor of b and t?
20
Let c(n) = n**2 - 18*n - 15. Let r be c(15). Let p be r/18*24/(-5). Suppose 12 = -2*d + 4*l + 112, 6 = 2*l. What is the highest common divisor of p and d?
8
Suppose -65*n + 4 = -67*n. Let b be (102/(-136))/(n/240). What is the greatest common divisor of b and 50?
10
Let k be 127251/63 - 3*3/(-63). What is the highest common divisor of 20 and k?
20
Let g be 35 - 32 - ((-2 - 17) + -4). Let t = -7 - -9. Calculate the greatest common factor of g and t.
2
Suppose -3*h + 8*s + 306 = 11*s, -2*s = -2*h + 216. What is the greatest common factor of 5925 and h?
15
Suppose 2715 = 17*p - 11*p - 3*m, -4*p + 1807 = -m. Calculate the highest common factor of 264 and p.
11
Suppose 26*m + 5*m - 3227679 = -86*m. What is the greatest common divisor of 49 and m?
49
Let q(m) = m**3 - 20*m**2 - 18*m + 21. Let o be q(21). What is the highest common factor of o and 444?
12
Let c be (-1 + 85)*24/(-40)*(-125)/150. Suppose 0 = -3*h - h + 1092. What is the highest common factor of h and c?
21
Suppose 14*k = 13584 + 4112. Suppose 0 = -o + 4*o - 237. What is the greatest common factor of o and k?
79
Suppose 2*r = -4*q + 22, 5*q + 0*r - 10 = r. Suppose -j - 20 = -q*j. Let t(l) = 2*l + 34. Let n be t(-7). What is the greatest common factor of j and n?
10
Let g(n) be the third derivative of 26*n**2 - 23/6*n**3 + 0 + 25/24*n**4 + 0*n. Let i be g(3). What is the highest common factor of 39 and i?
13
Suppose -3*z + 0 = -39. Let u be 8/(-6)*(425/(-68) - -4). Suppose -6 = -0*v + 3*v + u*q, 3*q = 4*v - z. Calculate the greatest common divisor of 11 and v.
1
Let b(y) = 345*y - 5704. Let j be b(17). Calculate the highest common divisor of 22218 and j.
161
Let f = 20875 + -11287. Calculate the highest common factor of f and 188.
188
Let b = 4142 + -4002. Calculate the highest common factor of b and 940.
20
Let x(b) = -11*b - 259. Let i(k) = -16*k - 388. Let l(w) = 5*i(w) - 8*x(w). Let v be l(-13). Calculate the greatest common divisor of 98 and v.
14
Suppose 31 = m + u, u - 52 = -2*m + 9. Let w(c) = 5*c**3 + c**2 + 1. Suppose 0 = -3*h + 4*h - 2. Let l be w(h). Calculate the greatest common factor of l and m.
15
Let d be 2/4 - 1012/1672 - 990/(-19). Calculate the highest common factor of 16 and d.
4
Suppose -3*x + c = -779, -5*x - 845*c = -848*c - 1297. Calculate the greatest common factor of x and 850.
10
Let v = 155 - 139. Let y be 420/2